ded by 7.
6
Suppose -466 = -11*l + 106. What is the remainder when (l + -4 - -1) + 5 is divided by 15?
9
Let x(k) = 13*k - 27. Let t(h) = -2*h - 14. What is the remainder when x(5) is divided by t(-11)?
6
Suppose w - 3*j = 5*w - 47, -3*w = j - 34. Let l = -5 - -5. Suppose 3*v - 3*x + 4*x - 118 = l, 5*v - 210 = x. What is the remainder when v is divided by w?
8
Suppose 3*y - 2*q + 18 = 7*y, -q = -4*y + 21. Suppose 3*a + 6 = 3*p, -a - 30 + 4 = y*p. Calculate the remainder when 9 is divided by 45/12 - a/(-8).
0
Let j(g) = -5*g + 1. Let t = -7 - -6. Let l = -62 - -84. Calculate the remainder when l is divided by j(t).
4
Let d = 296 - 244. Suppose 0 = 8*t - 4*t - 4*c - 76, 2*t = 3*c + 38. What is the remainder when d is divided by t?
14
Let d(b) = 31*b**2 + 4*b + 2. Let n(r) = 3*r - 28. Calculate the remainder when d(-2) is divided by n(15).
16
Suppose -21 + 31 = 5*b. Calculate the remainder when 14 is divided by b.
0
Suppose 2*g - 1 = -5*q + 21, -2*g = q - 14. Let k = -6 + 21. Suppose -10*o - 50 = -k*o. What is the remainder when o is divided by g?
4
Let y be 6/9 + 4/(-6). Suppose y = 3*w + 11 - 59. Calculate the remainder when 45 is divided by w.
13
Let s(g) = -6*g**2 - 8*g - 10. Let x(k) = 5*k**2 + 7*k + 9. Let q(c) = -6*s(c) - 7*x(c). What is the remainder when 32 is divided by q(4)?
5
Let p(o) = o**2 - 17*o - 62. Let y be p(20). Suppose -t + 3*z + 102 = 0, -3*z - 87 = -t - 5*z. What is the remainder when t is divided by (-14 - y)/(1/(-2))?
21
Let x(y) = y + 32. Let b(a) = a**3 - 2*a**2 - a - 2. Let i be b(3). Suppose -69 = -i*s - 25. Calculate the remainder when x(-2) is divided by s.
8
Let l = -7357 - -5227. Calculate the remainder when (l/(-50) - 2/(-5)) + 1 is divided by 16.
12
Suppose 9*z - 51 = 633. What is the remainder when z is divided by 21?
13
Let k(q) be the third derivative of q**6/120 - q**5/6 - q**4/3 - q**3/2 + 11*q**2. What is the remainder when k(11) is divided by 16?
14
Suppose 0 = 5*b + 6*n - 1100, -5*n - 22 = 3. What is the remainder when b is divided by 61?
43
What is the remainder when 455 is divided by (120/300)/((-2)/(-460))?
87
Suppose 3*q + 2 = -o - 4, -4*o = q + 68. What is the remainder when 91 is divided by ((-154)/(-63))/11 + (-410)/o?
22
Suppose 21 - 1 = 5*t. Suppose -t*u - 5*w = -101, -3*w + 122 = 5*u - w. Let v = 132 + -86. What is the remainder when v is divided by u?
22
Let k(h) = -24*h + 81. Let m = 8 - -3. Let j = 35 - m. What is the remainder when j is divided by k(3)?
6
Calculate the remainder when (-141)/94*(-676)/3 is divided by 69.
62
Let m = 661 + -411. Calculate the remainder when m is divided by 36.
34
Let u(s) = 3*s**2 - s - 3. Let w be (-62)/(-22) + (-12)/(-66). What is the remainder when 82 is divided by u(w)?
19
Suppose -5*x - 15 + 55 = 0. Let h = -8 + x. Suppose -g = -1 - h. What is the remainder when 1 is divided by g?
0
Let k = -1349 + 1302. Let g(z) = 10*z**2 - 2*z + 4. Let t be g(3). Let p = t + k. What is the remainder when p is divided by 22?
19
Let r be -1*(2 + -3) - -30. Let w = r - 20. Calculate the remainder when 31/((-10)/(-35) - (-10)/14) is divided by w.
9
Suppose -4*r + 300 = -360. What is the remainder when r is divided by 57?
51
Suppose k + 5*k + 492 = 0. Let a = k + 211. Calculate the remainder when a is divided by 10.
9
Let s(u) = -4*u + 7. Let l(c) = -c + 2. Let o(i) = 7*l(i) - 2*s(i). Let r be o(-1). Calculate the remainder when 41 is divided by (-4)/r + -16 + 34.
19
What is the remainder when (2/(-4))/(6/(-24)) is divided by 2?
0
Let y be 6/9 + 4/(-6). Suppose 7*g - 225 + 43 = y. What is the remainder when g is divided by 9?
8
Let n = 13 + -11. Let b(v) = 2 + 4*v**2 - 2*v**n + v - 5 + v**2. What is the remainder when b(3) is divided by 10?
7
Let g = -44 - -51. Calculate the remainder when g is divided by 4.
3
Let g(t) = -43*t**2 + 2*t. Let b be g(2). Let x = b - -343. Suppose 5*c - x = -5*n, n - 2*n - 5*c = -39. What is the remainder when n is divided by 19?
15
Let o(f) = f + 52. Let u(p) = p + 26. Let k(x) = -2*o(x) + 5*u(x). What is the remainder when 119 is divided by k(-5)?
9
Suppose 2*j - 536 + 162 = -5*t, 0 = -3*t - 5*j + 232. Let v(i) = 25*i**2 + i. Calculate the remainder when t is divided by v(1).
22
Calculate the remainder when (3 + -2 + -10)/(3/(-22)) is divided by 20.
6
Let i = 49 + -17. Calculate the remainder when 94 is divided by i.
30
Suppose -7*o - 2493 = -2514. What is the remainder when 190 is divided by o?
1
Calculate the remainder when 203 is divided by 1/(-9) + 770/126.
5
Let b(s) = s**3 - 7*s**2 + 5*s + 9. Let i be b(6). Suppose i*a + 2*a = 165. Suppose -4*r - 9 + a = 0. Calculate the remainder when 9 is divided by r.
3
Let s = 20 - 10. Let r = -73 - -148. Suppose 18 - r = -3*m. Calculate the remainder when m is divided by s.
9
Suppose 0 = -20*t + 16*t - 2*v + 42, -2*t + 25 = -3*v. Calculate the remainder when 0 + 29 + (0 - 0) is divided by t.
7
Let t = -18 + 86. Suppose 40 + t = 4*g. What is the remainder when 132 is divided by g?
24
Calculate the remainder when 143 is divided by 9 + -9 + -2 + 16.
3
Let q(c) = -c**3 + 23*c**2 - 42*c + 5. Let i be q(21). Suppose -4*o - 13 - 5 = -a, i*o - 10 = 0. Calculate the remainder when a is divided by 10.
6
Let v(b) = b**3 - 11*b**2 - 15*b + 23. Let d be v(12). What is the remainder when 9 is divided by -3 - -1 - 3 - d?
1
Suppose -i - 5 = -6*i, 5*v + i + 2899 = 0. Let t = -262 - v. What is the remainder when t*(8/6)/4 is divided by 36?
34
Let h = -323 - -357. Calculate the remainder when 781 is divided by h.
33
Let h be (-57)/(-5) - 4/10. Let x = 62 - h. Suppose 0*z = -5*z + 65. What is the remainder when x is divided by z?
12
Suppose 4*a = f - 70, -2*f + 2*a = -28 - 100. Calculate the remainder when f is divided by 3 + (-2 - (1 - 13)).
10
Suppose 8*f + 8 = 9*f. Let v = 14 - f. Let d = 11 + -8. What is the remainder when v is divided by d?
0
Let o = -634 + 777. Calculate the remainder when o is divided by 24.
23
Suppose 10*a - 17*a = -308. Calculate the remainder when a is divided by 14.
2
Suppose 3*d + 30 = -2*d. Let p be (-35)/d + 4/24. Suppose g + 50 = p*g. What is the remainder when g is divided by 6?
4
Let r = 3 - 5. Let d be r/(-8) + (-38)/(-8). Let g(s) = -s**2 + 9*s + 5. What is the remainder when g(d) is divided by 13?
12
Suppose 10 - 1 = 3*p. Suppose 39 + p = 2*l. What is the remainder when 46 is divided by 3/(-7) - (-261)/l?
10
Suppose m = 6*m + 60. Let b = 9 + m. What is the remainder when b/((-1)/((-34)/(-3))) is divided by 9?
7
Suppose -52 = -r + 211. Suppose 3*l - r = 22. Calculate the remainder when l is divided by 1/(-4) - 194/(-8).
23
Suppose 0 = 2*d - 5*d + 42. Calculate the remainder when 24/(-8)*(-3104)/48 is divided by d.
12
Let m(j) = -11*j**2 + j - 2. Let t be m(2). Let l = -23 - t. What is the remainder when l is divided by (-10)/(-35) - 82/(-7)?
9
Let r be (-12)/8*(-16)/6. Suppose -r*k = -5*k + 4*x + 8, 4*k - 80 = 4*x. Calculate the remainder when k is divided by (8/(-20))/(1/(-35)).
10
Suppose 3*q + 3*g - 42 = 0, 0 = q - 2*g - 6 + 1. What is the remainder when 43 is divided by q?
10
Calculate the remainder when 167 is divided by (2/((-12)/9))/(3/(-170)).
82
Let q(t) = -t**3 - 6*t**2 - 8*t - 20. Let u(j) = -j**2 - 8*j + 9. Calculate the remainder when q(-6) is divided by u(-7).
12
Let d = -6 - -2. Let c = -4 - d. Suppose -3*j + 2*j + 23 = c. What is the remainder when 89 is divided by j?
20
Suppose -3*j = 35 - 146. Calculate the remainder when 174 is divided by j.
26
Calculate the remainder when 59/3 + (-4)/(-12) is divided by 102/(-85)*10/(-3).
0
Suppose 2*u - 502 = -4*a, 4*u = 288*a - 289*a + 122. Let s = 38 - 5. Calculate the remainder when a is divided by s.
27
What is the remainder when (-11)/(-55) + 1559/5 is divided by 81?
69
Let v = 461 - 390. Calculate the remainder when 283 is divided by v.
70
Suppose 22 = 4*o - 2*s - 10, 4*o - 5*s = 20. Let c = o - -14. Calculate the remainder when 45 is divided by c.
21
Suppose 0 = -2*g - 4*a + 58, -52 = -2*g - 0*g - 2*a. Let r = g + -8. What is the remainder when 27 is divided by r?
12
What is the remainder when 4 + (27 + -2)*12 is divided by 51?
49
Suppose 20 = 5*w - 5*u, -4*u + 0*u + 16 = 0. Calculate the remainder when 95 is divided by w.
7
Suppose -3 + 228 = 5*c. Suppose c + 11 = 2*l. What is the remainder when 78 is divided by l?
2